 is the hundreds digit of b?
3
Suppose 4365 = -129*c + 124*c. Let w = c - -1392. What is the tens digit of w?
1
Suppose 2 - 6 = -2*g. Let t be -24 + 23 + g/((-2)/(-5)). Suppose 2*k = t*f - 596, f - 2*k - 30 - 113 = 0. What is the hundreds digit of f?
1
Let v(g) = 27*g**3 - 5*g**2 + 4*g - 8. Let a be v(-4). What is the tens digit of ((-2)/(-2))/((-8)/a)?
2
Let y(u) = 24*u**2 + 6*u - 6. Let q(b) = 18*b + 119. Let v be q(-7). What is the hundreds digit of y(v)?
1
Let x(m) = m**2 + 12*m - 83. Let h be x(5). Suppose 4*y = 5*c - 3997, h*y = c - 6*c + 3979. What is the tens digit of c?
9
Let a = 91 - 88. Suppose 2*b - 289 = -a*t + 120, 5*b = 5*t + 985. What is the units digit of b?
0
Suppose 0 = 3*h - 70 + 4. Suppose 20*w - h*w = -10. Suppose 300 - 780 = -w*b. What is the units digit of b?
6
Suppose 5*t - 21 = -3*l, 3*t = t + 3*l. Suppose 0 = o - a - 93, -t*a + 48 = -o + 149. What is the units digit of o?
9
Let c(m) be the second derivative of -m**4/12 + 17*m**3/6 - m**2 + 7*m + 2. Suppose -4*q + 4*t + 15 = q, -11 = -3*q + 2*t. What is the tens digit of c(q)?
6
Let r = -17956 + 27034. What is the hundreds digit of r?
0
Let o(r) = 176*r**3 + 4*r**2 - 5*r + 4. Let v be o(2). Suppose b + 1 = 0, 0 = 3*k + 6*b - b + v. What is the tens digit of (0 + k/6)/((-2)/4)?
5
Let b(i) = -2*i**3 + 67*i**2 - 15*i - 122. What is the units digit of b(31)?
8
Let g(b) = 495*b**2 - 28*b - 93. What is the hundreds digit of g(-4)?
9
Suppose 4*y - 9*y = -u + 23, -2*u - y = -2. Let j(v) = 10*v**3 + 4*v**2 + 5*v - 13. What is the hundreds digit of j(u)?
3
Let d = -2216 + 2574. What is the tens digit of d?
5
Let g = -35200 - -49395. What is the hundreds digit of g?
1
Suppose -257856 = 529*k - 766*k. What is the units digit of k?
8
Suppose -20*d + 6888 = -8*d. Let p = d + 78. What is the units digit of p?
2
Let w = -88 + 223. Let x = 734 - w. What is the units digit of x?
9
Let d(p) = 8*p + 50. Let o be d(-6). Let b(h) = 14*h**2 - 7*h + 11. What is the tens digit of b(o)?
5
Suppose 9*t - 24087 = 15648. What is the tens digit of t?
1
Let g(w) = 32*w**2 - 9*w + 7. Let r be g(16). Suppose 40*h - r - 25745 = 0. What is the hundreds digit of h?
8
Let i(v) = 3*v**3 - 7*v**2 - v - 2. Let o be 2/6*15 - 2. Suppose -j = -2 - o. What is the units digit of i(j)?
3
Let s = 2561 + -741. What is the tens digit of s?
2
Let v(y) = -520*y + 2536. What is the thousands digit of v(-22)?
3
What is the hundreds digit of (21 - 282957/(-12)) + (-2)/(-8)?
6
Let t = 54 + -48. Suppose -198 = -t*v + 102. What is the tens digit of v?
5
Let k = -243 - -258. What is the hundreds digit of 80/k*-95*6/(-5)?
6
Suppose 22*v + 9*v + 30*v - 786107 = 0. What is the units digit of v?
7
What is the thousands digit of ((-1356)/(-1130))/((-2)/(-17700))?
0
What is the tens digit of 1491*(9 + -3)*(255/10)/17?
1
Let x = 522 - -1193. What is the hundreds digit of x?
7
Let z be -9 + (-1000)/(-70) + 2/(-7). What is the units digit of (z + 15/(-5))*473?
6
Suppose -f + 7 = 1. Suppose 144 = 15*i + 9*i. What is the hundreds digit of (f - 76)/((i/(-15))/1)?
1
Let p be 4 - (2 - 0/3). Let b(s) = s + s**3 + 2*s + 238*s**2 + 3 + 18 - 237*s**p. What is the units digit of b(0)?
1
Suppose 37*p + 12756 = 39*p. What is the units digit of p?
8
What is the units digit of 4*225/30*(-85)/(-2)?
5
Suppose 2*i = 4*i - 3*p + 58, -4*p = -16. Let x = 25 + i. Suppose 0 = -x*b - 0*j - 4*j + 98, 156 = 3*b - 3*j. What is the tens digit of b?
5
Let u(x) = x**3 + 23*x**2 - 25*x - 16. Let j be u(-24). What is the units digit of 21/56 + 2133/j?
7
Suppose -3*d - o + 152972 = 0, -2*o = d - 47983 - 3021. What is the units digit of d?
8
Let i(r) = -r**3 + 21*r**2 - 16*r + 42. Let d(p) = p**3 - 22*p**2 + 17*p - 43. Let y(w) = 5*d(w) + 6*i(w). What is the hundreds digit of y(13)?
4
Let h = -13249 + 36046. What is the hundreds digit of h?
7
Let v = -38 + 40. Suppose 2 + 0 = s. Suppose v - 204 = -s*k - 2*p, 198 = 2*k - 2*p. What is the units digit of k?
0
Suppose 0 = 3*b + 2*b - 1250. Suppose -b + 14 = -4*d. Let x = d - 27. What is the units digit of x?
2
Let a = -67 - -83. Let i be a/(-120) - 141/(-45). Suppose -i*p = 3*o - 520 - 14, -2*o + 173 = p. What is the tens digit of p?
8
Suppose 461136 = 80*v - 1455344. What is the units digit of v?
6
Let j(m) = 2*m**3 - 21*m**2 - 25*m + 83. Let w be j(15). Let q = 3590 - w. What is the tens digit of q?
5
Let b(k) = k**3 - 2*k**2 + 3*k - 14. Suppose -25 = -6*j + 5. What is the units digit of b(j)?
6
Let h(p) = -5*p**2 + 4*p + 4*p**2 - 12*p - 12. Let t be h(-3). Let d(x) = 7*x + 17. What is the tens digit of d(t)?
3
Suppose 30*j + 20 = 34*j. Suppose -989 = -4*d + 2*c - c, 0 = -j*d - 4*c + 1252. Suppose 4*y - 140 = d. What is the tens digit of y?
9
What is the units digit of 4808/6*(-12840)/(-160)?
7
Let p(o) = 10*o**3 - 3*o**2 + 10*o - 36. Let c be p(4). What is the hundreds digit of ((-22)/4 + 4)*c/(-2)?
4
Suppose -4*l = o - 7*l - 23985, -5*l = -10. What is the tens digit of o?
9
Let b(q) = 490*q - 317. What is the hundreds digit of b(1)?
1
Suppose 0 = 5*v + 4*q - 31242, -4*v - 32*q = -37*q - 25010. What is the hundreds digit of v?
2
Suppose 3*z = 3*m - 369, 3*z + 451 = 5*m - 164. Suppose -s + m = -2*w - 212, 500 = -3*w - s. Let d = w - -283. What is the units digit of d?
6
Let x(v) = 2*v - 19*v - 40 + 30. Suppose -45 = 3*g + 2*c - 5*c, 3*g = c - 39. What is the hundreds digit of x(g)?
1
Let r(t) = 19*t**2 + 130*t - 462. What is the hundreds digit of r(-52)?
1
Suppose -2*k - k = -2*m - 9, 1 = -3*m + 2*k. Suppose 4*b - 409 = 3*b - m*a, 4*b = a + 1571. What is the units digit of b?
4
Let r(i) be the first derivative of 27*i**4/4 - 2*i**3/3 + 3*i**2/2 - i - 943. Suppose -u + g - 4 = 0, 15 = 5*u - g + 3*g. What is the tens digit of r(u)?
2
Let p(c) = 11*c - 6. Let i be p(1). Suppose 4*y = 4*l + 28, y + i*l + 17 = -0*l. Suppose 9 = 2*b - y*t - 72, -b + 5*t + 51 = 0. What is the units digit of b?
6
Let m(r) = 19*r**2 - 8*r + 5. Let p(k) = -39*k**2 + 15*k - 9. Let a(u) = -5*m(u) - 3*p(u). Let f be a(3). Let b = 327 - f. What is the units digit of b?
2
Suppose 5*g - 4*i = 16, 2*g + 8 = i - 3*i. Suppose -12*l + 17*l - 10 = g. What is the units digit of (49/l)/(14/28)?
9
Let i = 188 + -329. Suppose -265 - 99 = 4*s. Let r = s - i. What is the units digit of r?
0
Let j = -180 + 700. Let u = j + -88. What is the units digit of u?
2
What is the tens digit of (-98096)/(-9) + (-216)/(-486)?
0
Suppose 4*u + 5 = -5*g + 3, 2*u + 4 = -g. Let o(r) = 47*r - 10. Let q be o(g). What is the tens digit of (-3)/(-7) - (-1728)/q?
2
What is the tens digit of (-265473)/(-234)*-6*(-3 + 2)?
0
Let k be (-1 + -80)/(3/(-2)). Let s = k + -54. Suppose s = -h - h + 148. What is the tens digit of h?
7
Let o be 3/(124/25 + -5). Let f = o - -311. What is the tens digit of f?
3
Let i(v) = 49*v**2 - 122*v + 27. What is the tens digit of i(-11)?
9
Let b(x) = 13*x**3 + 16*x**2 + 98*x - 979. What is the hundreds digit of b(13)?
5
Let w(a) = 2*a**2 - 67*a - 814. What is the units digit of w(55)?
1
Let j be ((-3)/(-5))/((-2)/(-2260)). Suppose -j - 754 = -4*z + 4*u, 2*u + 1069 = 3*z. What is the units digit of z?
3
Let w = 17522 - 9655. What is the tens digit of w?
6
Let k be -4 + (-28)/(-7) - (2 + -3). What is the units digit of 10/(-15)*-3 + k + 132?
5
Suppose 20 = 4*v - 2*l, -2*l - 5 = v - 5*l. Suppose -4*n + c + 8 = -15, -5*n - 3*c = -33. Suppose 1 = -n*j + v*j. What is the units digit of j?
1
Let h(z) = -z - 7. Let f be h(-7). Suppose -4*m = -33 + 17. Suppose f = -2*p + p - 4*q + 44, m*q + 44 = p. What is the tens digit of p?
4
Let h be (-9 + -2)*(12 - 7). Let a be 5524/11 - (6 - (-320)/h). Suppose -2*w - 190 + a = 3*b, -5*b = -4*w + 646. What is the hundreds digit of w?
1
Suppose 80 = 9*n - n. Let a(y) = y**2 - 4*y - 5. Let w be a(n). Suppose t = -5*r + w, 2*t = 2*r - 4*r + 110. What is the tens digit of t?
5
Let w = 3366 + 3074. What is the thousands digit of w?
6
Let l = -3050 - -3948. What is the hundreds digit of l?
8
Let c(d) = -d**2 - 10*d - 20. Let p be c(-4). Suppose 2*x - 514 = -5*q, -19*x = -22*x - p*q + 757. What is the tens digit of x?
4
Let f(i) = -285*i + 437. What is the thousands digit of f(-5)?
1
Suppose 6 + 14 = 5*l, -5*a + 66883 = -3*l. What is the hundreds digit of a?
3
Let d = -433 - -305. Let m = d + 404. What is the tens digit of m?
7
Su